number?
False
Is 760321 a prime number?
True
Is 10519 prime?
False
Is 51749 composite?
False
Is 113519 a prime number?
False
Is 1165711 prime?
True
Is 9263 composite?
True
Is 51055 a prime number?
False
Is 50929 a composite number?
False
Is 157 a prime number?
True
Is 3127 composite?
True
Is 277073 a composite number?
False
Is 2495843 a composite number?
True
Is 3659 a prime number?
True
Is 636697 a prime number?
True
Is 17363 prime?
False
Is 889 prime?
False
Is 1088989 a prime number?
False
Is 959533 a composite number?
False
Is 64457 composite?
True
Is 116479 prime?
False
Is 73813 a composite number?
True
Is 65753 a composite number?
True
Is 2722 a composite number?
True
Is 6023561 composite?
True
Is 871147 a prime number?
True
Is 21863 composite?
False
Is 1678837 a composite number?
False
Is 7494623 a composite number?
False
Is 44467 a composite number?
True
Is 6581 prime?
True
Is 3468895 a prime number?
False
Is 81727 a prime number?
True
Is 27563 a composite number?
True
Is 7901 a composite number?
False
Is 52051 a composite number?
False
Is 637895 composite?
True
Is 400639 a composite number?
True
Is 129391 a composite number?
True
Is 78095 a prime number?
False
Is 61001 prime?
True
Is 323027 prime?
True
Is 63277 a prime number?
True
Is 103951 a composite number?
False
Is 793 prime?
False
Is 677341 prime?
False
Is 106531 a prime number?
True
Is 564321 composite?
True
Is 193541 a composite number?
False
Is 9813 a composite number?
True
Is 33827 prime?
True
Is 12589 a composite number?
False
Is 568273 a prime number?
True
Is 463 composite?
False
Is 971 prime?
True
Is 5297 a prime number?
True
Is 78493 composite?
True
Is 111905 prime?
False
Is 99787 a prime number?
True
Is 524701 prime?
True
Is 15787 a composite number?
False
Is 36178 a prime number?
False
Is 509909 composite?
False
Is 69985 composite?
True
Is 16671 composite?
True
Is 33763 a prime number?
False
Is 4621 composite?
False
Is 6457 prime?
False
Is 148331 prime?
True
Is 582299 a composite number?
False
Is 11957 prime?
False
Is 807731 composite?
False
Is 1511 a composite number?
False
Is 3624379 a composite number?
True
Is 18413 a prime number?
True
Is 45119 prime?
True
Is 28247 prime?
False
Is 734911 prime?
True
Is 101957 composite?
False
Is 2371 composite?
False
Is 9127 prime?
True
Is 84961 a composite number?
False
Is 488489 a composite number?
True
Is 18341 composite?
False
Is 13381 composite?
False
Is 53813 prime?
True
Is 164147 a prime number?
True
Is 6079 a prime number?
True
Is 631226 a prime number?
False
Is 3967 a composite number?
False
Is 185789 a prime number?
True
Is 291809 composite?
True
Is 187031 composite?
True
Is 142138 a composite number?
True
Is 12143 a composite number?
False
Is 859 a prime number?
True
Is 34249 a prime number?
False
Is 210473 a prime number?
False
Is 34781 a composite number?
False
Is 61853 a composite number?
True
Is 434453 prime?
False
Is 587 composite?
False
Is 89561 composite?
False
Is 383953 a prime number?
False
Is 210523 prime?
True
Is 392567 a prime number?
False
Is 89959 composite?
False
Is 598777 a prime number?
True
Is 126137 a composite number?
True
Is 2221 prime?
True
Is 10499 prime?
True
Is 13939 composite?
True
Is 171571 prime?
True
Is 1077671 a composite number?
True
Is 330323 a prime number?
False
Is 37211 prime?
False
Is 19451 prime?
False
Is 32961 a composite number?
True
Is 1535 composite?
True
Is 14281 composite?
False
Is 194989 prime?
True
Is 14461 a prime number?
True
Is 13943 a prime number?
False
Is 13457 a composite number?
False
Is 3012017 prime?
True
Is 121029 a composite number?
True
Is 54617 a composite number?
False
Is 111277 a composite number?
True
Is 2191 prime?
False
Is 33721 a prime number?
True
Is 14107 composite?
False
Is 76611 a prime number?
False
Is 1341257 prime?
True
Is 212281 composite?
False
Is 38261 a composite number?
False
Is 20719 prime?
True
Is 23533 a prime number?
False
Is 5771 composite?
True
Is 224915 a prime number?
False
Is 553001 a prime number?
False
Is 58657 a composite number?
False
Is 997333 a composite number?
False
Is 9413 composite?
False
Is 30083 prime?
False
Is 524921 prime?
True
Is 32771 a composite number?
False
Is 45635 composite?
True
Is 152957 a prime number?
False
Is 211667 composite?
True
Is 14107 a prime number?
True
Is 913217 a prime number?
True
Is 198173 prime?
True
Is 5609 a composite number?
True
Is 16529 a prime number?
True
Is 82403 composite?
True
Is 14258 composite?
True
Is 180521 prime?
False
Is 73277 a composite number?
False
Is 110711 composite?
False
Is 445427 a prime number?
True
Is 26831 prime?
False
Is 6594589 a composite number?
True
Is 94307 a prime number?
True
Is 672703 a composite number?
False
Is 5458 a prime number?
False
Is 61423 a prime number?
False
Is 265957 a composite number?
False
Is 409 composite?
False
Is 469 prime?
False
Is 3610679 a composite number?
False
Is 7571 a composite number?
True
Is 154981 a composite number?
False
Is 1591 composite?
True
Is 1107349 a prime number?
False
Is 44011 prime?
False
Is 14513 prime?
False
Is 87403 prime?
True
Is 1543 prime?
True
Is 111001 a prime number?
False
Is 38023 composite?
True
Is 488837 a prime number?
False
Is 23603 a composite number?
False
Is 167861 a composite number?
False
Is 2690317 a composite number?
True
Is 399833 composite?
True
Is 615539 a prime number?
True
Is 3832457 a prime number?
False
Is 1046029 composite?
False
Is 679067 prime?
True
Is 2315 composite?
True
Is 1097303 a composite number?
True
Is 17543 a composite number?
True
Is 38473 a composite number?
True
Is 196379 composite?
False
Is 443447 a composite number?
True
Is 69809 composite?
False
Is 346417 prime?
True
Is 27361 prime?
True
Is 228539 prime?
True
Is 130054 a prime number?
False
Is 69239 composite?
False
Is 2568773 prime?
False
Is 2540753 a composite number?
True
Is 191057 prime?
True
Is 43223 prime?
True
Is 222689 a prime number?
False
Is 31481 a composite number?
False
Is 18217 a composite number?
False
Is 1966 composite?
True
Is 3134 a prime number?
False
Is 3691 prime?
True
Is 1037 prime?
False
Is 163703 a composite number?
True
Is 879143 a composite number?
False
Is 12569 a prime number?
True
Is 173867 prime?
True
Is 2293 composite?
False
Is 203 composite?
True
Is 14519 prime?
True
Is 52727 prime?
True
Is 447 prime?
False
Is 780314 composite?
True
Is 6227 prime?
False
Is 991 a composite number?
False
Is 848531 prime?
True
Is 31147 prime?
True
Is 158011 a prime number?
False
Is 177409 composite?
False
Is 3791 composite?
True
Is 1978507 prime?
True
Is 830713 a composite number?
True
Is 30759 a prime number?
False
Is 3953 prime?
False
Is 12227 a prime number?
True
Is 352003 composite?
True
Is 9983 a prime number?
False
Is 2183 a composite number?
True
Is 2611 a composite number?
True
Is 318617 a composite number?
True
Is 65629 a prime number?
True
Is 67843 composite?
False
Is 2181 a composite number?
True
Is 170207 a prime number?
True
Is 4538 a composite number?
True
Is 519217 prime?
True
Is 17729 a prime number?
True
Is 441849 composite?
True
Is 1537 a composite number?
True
Is 17617 a composite number?
True
Is 183059 prime?
True
Is 12697 prime?
True
Is 135107 a composite number?
True
Is 3899 a composite number?
True
Is 6359 a composite number?
False
Is 15727 a prime number?
True
Is 100391 a prime number?
True
Is 138146 prime?
False
Is 86323 a prime number?
True
Is 6469 a composite number?
False
Is 3075029 a composite number?
False
Is 49763 composite?
True
Is 11677 a prime number?
True
Is 1728913 a composite number?
True
Is 69643 a composite number?
True
Is 267 a prime number?
False
Is 21485 prime?
False
Is 717967 composite?
False
Is 254957 a composite number?
True
Is 2273303 prime?
True
Is 12367 prime?
False
Is 4009 prime?
False
Is 974209 composite?
True
Is 5381 a composite number?
False
Is 71387 composite?
False
Is 11617 a composite number?
False
Is 18737 a prime number?
False
Is 36086 a prime number?
False
Is 14351 a composite number?
True
Is 17735 a prime number?
False
Is 6299 composite?
False
Is 1120163 prime?
False
Is 71317 composite?
False
Is 16681 a composite number?
True
Is 136133 prime?
True
Is 140869 a prime number?
True
Is 486637 a prime number?
True
Is 2807 composite?
True
Is 124769 prime?
Tr